{"id":347,"date":"2018-05-18T02:59:41","date_gmt":"2018-05-18T02:59:41","guid":{"rendered":"https:\/\/realidadempoderada.com\/?page_id=347"},"modified":"2025-10-04T10:49:44","modified_gmt":"2025-10-04T13:49:44","slug":"familia-de-la-calle","status":"publish","type":"page","link":"https:\/\/realidadempoderada.com\/es\/inicio\/familia-de-la-calle\/","title":{"rendered":"EL INICIO DEL ACOMPA\u00d1AMIENTO A LA FAMILIA DE LA CALLE."},"content":{"rendered":"<h2>Ponencia ante la FTL (Fraternidad teol\u00f3gica Latinoamericana) del trabajo:\u00a0EL INICIO DEL ACOMPA\u00d1AMIENTO A LA FAMILIA DE LA CALLE.<\/h2>\n<p>Este documento tiene como finalidad presentar en forma resumida la teor\u00eda y la pr\u00e1ctica en \u201clos inicios\u201d de mi acompa\u00f1amiento a la familia de la calle. La actitud de realizar una acci\u00f3n activa de empoderamiento de las personas en situaci\u00f3n de calle comenz\u00f3 a principios del a\u00f1o 2011 en mi barrio, los alrededores del emblem\u00e1tico Obelisco de la Ciudad de Buenos Aires. Esta actividad contin\u00faa hoy d\u00eda fortaleci\u00e9ndose en una relaci\u00f3n \u00a0que se aleja de toda posibilidad de tener una fecha de vencimiento, un tiempo perentorio o el final de un servicio prestado. El amor y las relaciones sinceras perduran en el tiempo, sean familia de la calle, una familia ensamblada que comparte sus alegrias y tristezas.<\/p>\n<p>Relato cronol\u00f3gicamente y por etapas \u201cun resumen\u201d de los conceptos, vivencias y experiencias con la finalidad de interiorizar al lector\u00a0 en las caracter\u00edsticas de la conformaci\u00f3n del grupo y las actividades de estudio b\u00edblico, desde un lenguaje simple, cotidiano y una visi\u00f3n liberadora.<\/p>\n<p>Antes que accedas al manual, te comparto lo siguiente:<\/p>\n<p><em>\u201cQuer\u00eda comentarte algo, que no s\u00e9 porqu\u00e9 pens\u00e9 anoche en dec\u00edrtelo. La salvaci\u00f3n es individual y comunitaria, no por medio del compromiso, sino a trav\u00e9s del amor. El amor es el que salva, el amor es el que nos permite escuchar a la otra persona y no juzgarla, a acompa\u00f1arla en sus deseos y en sus perspectivas. Dejando de lado las ansiedades personales que se proyectan sobre el otro y limitan su libertad. Hay que darse la posibilidad de obligarse menos y amar m\u00e1s, para poder ponerse en los ojos y en la realidad del otro para poder acompa\u00f1arle.<\/em><\/p>\n<p><em>Que tengas un buen d\u00eda.\u201d<\/em><\/p>\n<p>Aqu\u00ed en <a href=\"https:\/\/realidadempoderada.com\/es\/\" target=\"_blank\" rel=\"noopener noreferrer\"><strong>Realidad Empoderada<\/strong><\/a> podr\u00e1s acceder al manual, leerlo y releerlo cuantas veces quieras, sin ning\u00fan tipo de cargo. Su dise\u00f1o est\u00e1 realizado y optimizado para celulares, tablets y computadores personales.<\/p>\n<div class=\"_df_book df-lite\" id=\"df_3731\"  _slug=\"el-inicio-del-acompanamiento-a-la-familia-de-la-calle\" data-title=\"el-inicio-del-acompanamiento-a-la-familia-de-la-calle\" wpoptions=\"true\" thumbtype=\"\" ><\/div><script class=\"df-shortcode-script\" nowprocket type=\"application\/javascript\">window.option_df_3731 = {\"outline\":[],\"hard\":\"cover\",\"autoEnableOutline\":\"false\",\"autoEnableThumbnail\":\"false\",\"overwritePDFOutline\":\"false\",\"direction\":\"1\",\"pageSize\":\"0\",\"source\":\"https:\\\/\\\/realidadempoderada.com\\\/wp-content\\\/uploads\\\/2018\\\/06\\\/Jugoloco-A5-letra-grande-con-Publicidad.pdf\",\"wpOptions\":\"true\"}; if(window.DFLIP && window.DFLIP.parseBooks){window.DFLIP.parseBooks();}<\/script>\n","protected":false},"excerpt":{"rendered":"<div class=\"mh-excerpt\">Ponencia ante la FTL (Fraternidad teol\u00f3gica Latinoamericana) del trabajo:\u00a0EL INICIO DEL ACOMPA\u00d1AMIENTO A LA FAMILIA DE LA CALLE. Este documento tiene como finalidad presentar en forma resumida la teor\u00eda y la pr\u00e1ctica en \u201clos inicios\u201d <a class=\"mh-excerpt-more\" href=\"https:\/\/realidadempoderada.com\/es\/inicio\/familia-de-la-calle\/\" title=\"EL INICIO DEL ACOMPA\u00d1AMIENTO A LA FAMILIA DE LA CALLE.\">[&#8230;]<\/a><\/div>\n","protected":false},"author":7,"featured_media":0,"parent":80,"menu_order":0,"comment_status":"closed","ping_status":"closed","template":"","meta":{"_crdt_document":"","jetpack_post_was_ever_published":false,"footnotes":""},"class_list":["post-347","page","type-page","status-publish"],"yoast_head":"<!-- This site is optimized with the Yoast SEO plugin v27.4 - https:\/\/yoast.com\/product\/yoast-seo-wordpress\/ -->\n<title>EL INICIO DEL ACOMPA\u00d1AMIENTO A LA FAMILIA DE LA CALLE. - Realidad Empoderada<\/title>\n<meta name=\"description\" content=\"Este documento tiene como finalidad presentar en forma resumida la teor\u00eda y la pr\u00e1ctica en los inicios del acompa\u00f1amiento a la familia de la calle.\" \/>\n<meta name=\"robots\" content=\"index, follow, max-snippet:-1, max-image-preview:large, max-video-preview:-1\" \/>\n<link rel=\"canonical\" href=\"https:\/\/realidadempoderada.com\/es\/inicio\/familia-de-la-calle\/\" \/>\n<meta property=\"og:locale\" content=\"es_ES\" \/>\n<meta property=\"og:type\" content=\"article\" \/>\n<meta property=\"og:title\" content=\"EL INICIO DEL ACOMPA\u00d1AMIENTO A LA FAMILIA DE LA CALLE. - Realidad Empoderada\" \/>\n<meta property=\"og:description\" content=\"Este documento tiene como finalidad presentar en forma resumida la teor\u00eda y la pr\u00e1ctica en los inicios del acompa\u00f1amiento a la familia de la calle.\" \/>\n<meta property=\"og:url\" content=\"https:\/\/realidadempoderada.com\/es\/inicio\/familia-de-la-calle\/\" \/>\n<meta property=\"og:site_name\" content=\"Realidad Empoderada\" \/>\n<meta property=\"article:publisher\" content=\"https:\/\/www.facebook.com\/RealidadEmpoderada\/\" \/>\n<meta property=\"article:modified_time\" content=\"2025-10-04T13:49:44+00:00\" \/>\n<meta name=\"twitter:card\" content=\"summary_large_image\" \/>\n<meta name=\"twitter:label1\" content=\"Tiempo de lectura\" \/>\n\t<meta name=\"twitter:data1\" content=\"2 minutos\" \/>\n<script type=\"application\/ld+json\" class=\"yoast-schema-graph\">{\"@context\":\"https:\\\/\\\/schema.org\",\"@graph\":[{\"@type\":\"WebPage\",\"@id\":\"https:\\\/\\\/realidadempoderada.com\\\/es\\\/inicio\\\/familia-de-la-calle\\\/\",\"url\":\"https:\\\/\\\/realidadempoderada.com\\\/es\\\/inicio\\\/familia-de-la-calle\\\/\",\"name\":\"EL INICIO DEL ACOMPA\u00d1AMIENTO A LA FAMILIA DE LA CALLE. - Realidad Empoderada\",\"isPartOf\":{\"@id\":\"https:\\\/\\\/realidadempoderada.com\\\/es\\\/#website\"},\"datePublished\":\"2018-05-18T02:59:41+00:00\",\"dateModified\":\"2025-10-04T13:49:44+00:00\",\"description\":\"Este documento tiene como finalidad presentar en forma resumida la teor\u00eda y la pr\u00e1ctica en los inicios del acompa\u00f1amiento a la familia de la calle.\",\"breadcrumb\":{\"@id\":\"https:\\\/\\\/realidadempoderada.com\\\/es\\\/inicio\\\/familia-de-la-calle\\\/#breadcrumb\"},\"inLanguage\":\"es\",\"potentialAction\":[{\"@type\":\"ReadAction\",\"target\":[\"https:\\\/\\\/realidadempoderada.com\\\/es\\\/inicio\\\/familia-de-la-calle\\\/\"]}]},{\"@type\":\"BreadcrumbList\",\"@id\":\"https:\\\/\\\/realidadempoderada.com\\\/es\\\/inicio\\\/familia-de-la-calle\\\/#breadcrumb\",\"itemListElement\":[{\"@type\":\"ListItem\",\"position\":1,\"name\":\"Portada\",\"item\":\"https:\\\/\\\/realidadempoderada.com\\\/es\\\/\"},{\"@type\":\"ListItem\",\"position\":2,\"name\":\"\u00bfQu\u00e9 es la acci\u00f3n social Realidad Empoderada?\",\"item\":\"https:\\\/\\\/realidadempoderada.com\\\/es\\\/\"},{\"@type\":\"ListItem\",\"position\":3,\"name\":\"EL INICIO DEL ACOMPA\u00d1AMIENTO A LA FAMILIA DE LA CALLE.\"}]},{\"@type\":\"WebSite\",\"@id\":\"https:\\\/\\\/realidadempoderada.com\\\/es\\\/#website\",\"url\":\"https:\\\/\\\/realidadempoderada.com\\\/es\\\/\",\"name\":\"Realidad Empoderada\",\"description\":\"\u2026 de la realidad virtual a la solidaridad\",\"publisher\":{\"@id\":\"https:\\\/\\\/realidadempoderada.com\\\/es\\\/#organization\"},\"potentialAction\":[{\"@type\":\"SearchAction\",\"target\":{\"@type\":\"EntryPoint\",\"urlTemplate\":\"https:\\\/\\\/realidadempoderada.com\\\/es\\\/?s={search_term_string}\"},\"query-input\":{\"@type\":\"PropertyValueSpecification\",\"valueRequired\":true,\"valueName\":\"search_term_string\"}}],\"inLanguage\":\"es\"},{\"@type\":\"Organization\",\"@id\":\"https:\\\/\\\/realidadempoderada.com\\\/es\\\/#organization\",\"name\":\"Realidad Empoderada\",\"url\":\"https:\\\/\\\/realidadempoderada.com\\\/es\\\/\",\"logo\":{\"@type\":\"ImageObject\",\"inLanguage\":\"es\",\"@id\":\"https:\\\/\\\/realidadempoderada.com\\\/es\\\/#\\\/schema\\\/logo\\\/image\\\/\",\"url\":\"https:\\\/\\\/realidadempoderada.com\\\/wp-content\\\/uploads\\\/2018\\\/04\\\/Manos.jpg\",\"contentUrl\":\"https:\\\/\\\/realidadempoderada.com\\\/wp-content\\\/uploads\\\/2018\\\/04\\\/Manos.jpg\",\"width\":300,\"height\":230,\"caption\":\"Realidad Empoderada\"},\"image\":{\"@id\":\"https:\\\/\\\/realidadempoderada.com\\\/es\\\/#\\\/schema\\\/logo\\\/image\\\/\"},\"sameAs\":[\"https:\\\/\\\/www.facebook.com\\\/RealidadEmpoderada\\\/\"]}]}<\/script>\n<!-- \/ Yoast SEO plugin. -->","yoast_head_json":{"title":"EL INICIO DEL ACOMPA\u00d1AMIENTO A LA FAMILIA DE LA CALLE. - Realidad Empoderada","description":"Este documento tiene como finalidad presentar en forma resumida la teor\u00eda y la pr\u00e1ctica en los inicios del acompa\u00f1amiento a la familia de la calle.","robots":{"index":"index","follow":"follow","max-snippet":"max-snippet:-1","max-image-preview":"max-image-preview:large","max-video-preview":"max-video-preview:-1"},"canonical":"https:\/\/realidadempoderada.com\/es\/inicio\/familia-de-la-calle\/","og_locale":"es_ES","og_type":"article","og_title":"EL INICIO DEL ACOMPA\u00d1AMIENTO A LA FAMILIA DE LA CALLE. - Realidad Empoderada","og_description":"Este documento tiene como finalidad presentar en forma resumida la teor\u00eda y la pr\u00e1ctica en los inicios del acompa\u00f1amiento a la familia de la calle.","og_url":"https:\/\/realidadempoderada.com\/es\/inicio\/familia-de-la-calle\/","og_site_name":"Realidad Empoderada","article_publisher":"https:\/\/www.facebook.com\/RealidadEmpoderada\/","article_modified_time":"2025-10-04T13:49:44+00:00","twitter_card":"summary_large_image","twitter_misc":{"Tiempo de lectura":"2 minutos"},"schema":{"@context":"https:\/\/schema.org","@graph":[{"@type":"WebPage","@id":"https:\/\/realidadempoderada.com\/es\/inicio\/familia-de-la-calle\/","url":"https:\/\/realidadempoderada.com\/es\/inicio\/familia-de-la-calle\/","name":"EL INICIO DEL ACOMPA\u00d1AMIENTO A LA FAMILIA DE LA CALLE. - Realidad Empoderada","isPartOf":{"@id":"https:\/\/realidadempoderada.com\/es\/#website"},"datePublished":"2018-05-18T02:59:41+00:00","dateModified":"2025-10-04T13:49:44+00:00","description":"Este documento tiene como finalidad presentar en forma resumida la teor\u00eda y la pr\u00e1ctica en los inicios del acompa\u00f1amiento a la familia de la calle.","breadcrumb":{"@id":"https:\/\/realidadempoderada.com\/es\/inicio\/familia-de-la-calle\/#breadcrumb"},"inLanguage":"es","potentialAction":[{"@type":"ReadAction","target":["https:\/\/realidadempoderada.com\/es\/inicio\/familia-de-la-calle\/"]}]},{"@type":"BreadcrumbList","@id":"https:\/\/realidadempoderada.com\/es\/inicio\/familia-de-la-calle\/#breadcrumb","itemListElement":[{"@type":"ListItem","position":1,"name":"Portada","item":"https:\/\/realidadempoderada.com\/es\/"},{"@type":"ListItem","position":2,"name":"\u00bfQu\u00e9 es la acci\u00f3n social Realidad Empoderada?","item":"https:\/\/realidadempoderada.com\/es\/"},{"@type":"ListItem","position":3,"name":"EL INICIO DEL ACOMPA\u00d1AMIENTO A LA FAMILIA DE LA CALLE."}]},{"@type":"WebSite","@id":"https:\/\/realidadempoderada.com\/es\/#website","url":"https:\/\/realidadempoderada.com\/es\/","name":"Realidad Empoderada","description":"\u2026 de la realidad virtual a la solidaridad","publisher":{"@id":"https:\/\/realidadempoderada.com\/es\/#organization"},"potentialAction":[{"@type":"SearchAction","target":{"@type":"EntryPoint","urlTemplate":"https:\/\/realidadempoderada.com\/es\/?s={search_term_string}"},"query-input":{"@type":"PropertyValueSpecification","valueRequired":true,"valueName":"search_term_string"}}],"inLanguage":"es"},{"@type":"Organization","@id":"https:\/\/realidadempoderada.com\/es\/#organization","name":"Realidad Empoderada","url":"https:\/\/realidadempoderada.com\/es\/","logo":{"@type":"ImageObject","inLanguage":"es","@id":"https:\/\/realidadempoderada.com\/es\/#\/schema\/logo\/image\/","url":"https:\/\/realidadempoderada.com\/wp-content\/uploads\/2018\/04\/Manos.jpg","contentUrl":"https:\/\/realidadempoderada.com\/wp-content\/uploads\/2018\/04\/Manos.jpg","width":300,"height":230,"caption":"Realidad Empoderada"},"image":{"@id":"https:\/\/realidadempoderada.com\/es\/#\/schema\/logo\/image\/"},"sameAs":["https:\/\/www.facebook.com\/RealidadEmpoderada\/"]}]}},"jetpack_shortlink":"https:\/\/wp.me\/PanXkF-5B","jetpack_sharing_enabled":true,"_links":{"self":[{"href":"https:\/\/realidadempoderada.com\/es\/wp-json\/wp\/v2\/pages\/347","targetHints":{"allow":["GET"]}}],"collection":[{"href":"https:\/\/realidadempoderada.com\/es\/wp-json\/wp\/v2\/pages"}],"about":[{"href":"https:\/\/realidadempoderada.com\/es\/wp-json\/wp\/v2\/types\/page"}],"author":[{"embeddable":true,"href":"https:\/\/realidadempoderada.com\/es\/wp-json\/wp\/v2\/users\/7"}],"replies":[{"embeddable":true,"href":"https:\/\/realidadempoderada.com\/es\/wp-json\/wp\/v2\/comments?post=347"}],"version-history":[{"count":20,"href":"https:\/\/realidadempoderada.com\/es\/wp-json\/wp\/v2\/pages\/347\/revisions"}],"predecessor-version":[{"id":3733,"href":"https:\/\/realidadempoderada.com\/es\/wp-json\/wp\/v2\/pages\/347\/revisions\/3733"}],"up":[{"embeddable":true,"href":"https:\/\/realidadempoderada.com\/es\/wp-json\/wp\/v2\/pages\/80"}],"wp:attachment":[{"href":"https:\/\/realidadempoderada.com\/es\/wp-json\/wp\/v2\/media?parent=347"}],"curies":[{"name":"wp","href":"https:\/\/api.w.org\/{rel}","templated":true}]}}

EL INICIO DEL ACOMPAÑAMIENTO A LA FAMILIA DE LA CALLE.

<h2>Ponencia ante la FTL (Fraternidad teológica Latinoamericana) del trabajo: EL INICIO DEL ACOMPAÑAMIENTO A LA FAMILIA DE LA CALLE.</h2>
<p>Este documento tiene como finalidad presentar en forma resumida la teoría y la práctica en “los inicios” de mi acompañamiento a la familia de la calle. La actitud de realizar una acción activa de empoderamiento de las personas en situación de calle comenzó a principios del año 2011 en mi barrio, los alrededores del emblemático Obelisco de la Ciudad de Buenos Aires. Esta actividad continúa hoy día fortaleciéndose en una relación  que se aleja de toda posibilidad de tener una fecha de vencimiento, un tiempo perentorio o el final de un servicio prestado. El amor y las relaciones sinceras perduran en el tiempo, sean familia de la calle, una familia ensamblada que comparte sus alegrias y tristezas.</p>
<p>Relato cronológicamente y por etapas “un resumen” de los conceptos, vivencias y experiencias con la finalidad de interiorizar al lector  en las características de la conformación del grupo y las actividades de estudio bíblico, desde un lenguaje simple, cotidiano y una visión liberadora.</p>
<p>Antes que accedas al manual, te comparto lo siguiente:</p>
<p><em>“Quería comentarte algo, que no sé porqué pensé anoche en decírtelo. La salvación es individual y comunitaria, no por medio del compromiso, sino a través del amor. El amor es el que salva, el amor es el que nos permite escuchar a la otra persona y no juzgarla, a acompañarla en sus deseos y en sus perspectivas. Dejando de lado las ansiedades personales que se proyectan sobre el otro y limitan su libertad. Hay que darse la posibilidad de obligarse menos y amar más, para poder ponerse en los ojos y en la realidad del otro para poder acompañarle.</em></p>
<p><em>Que tengas un buen día.”</em></p>
<p>Aquí en <a href="https://realidadempoderada.com/es/" target="_blank" rel="noopener noreferrer"><strong>Realidad Empoderada</strong></a> podrás acceder al manual, leerlo y releerlo cuantas veces quieras, sin ningún tipo de cargo. Su diseño está realizado y optimizado para celulares, tablets y computadores personales.</p>
<div class="_df_book df-lite" id="df_3731"  _slug="el-inicio-del-acompanamiento-a-la-familia-de-la-calle" data-title="el-inicio-del-acompanamiento-a-la-familia-de-la-calle" wpoptions="true" thumbtype="" ></div><script class="df-shortcode-script" nowprocket type="application/javascript">window.option_df_3731 = {"outline":[],"hard":"cover","autoEnableOutline":"false","autoEnableThumbnail":"false","overwritePDFOutline":"false","direction":"1","pageSize":"0","source":"https:\/\/realidadempoderada.com\/wp-content\/uploads\/2018\/06\/Jugoloco-A5-letra-grande-con-Publicidad.pdf","wpOptions":"true"}; if(window.DFLIP && window.DFLIP.parseBooks){window.DFLIP.parseBooks();}</script>

<div class="mh-excerpt">Ponencia ante la FTL (Fraternidad teológica Latinoamericana) del trabajo: EL INICIO DEL ACOMPAÑAMIENTO A LA FAMILIA DE LA CALLE. Este documento tiene como finalidad presentar en forma resumida la teoría y la práctica en “los inicios” <a class="mh-excerpt-more" href="https://realidadempoderada.com/es/inicio/familia-de-la-calle/" title="EL INICIO DEL ACOMPAÑAMIENTO A LA FAMILIA DE LA CALLE.">[&#8230;]</a></div>

<!-- This site is optimized with the Yoast SEO plugin v27.4 - https://yoast.com/product/yoast-seo-wordpress/ -->
<title>EL INICIO DEL ACOMPAÑAMIENTO A LA FAMILIA DE LA CALLE. - Realidad Empoderada</title>
<meta name="description" content="Este documento tiene como finalidad presentar en forma resumida la teoría y la práctica en los inicios del acompañamiento a la familia de la calle." />
<meta name="robots" content="index, follow, max-snippet:-1, max-image-preview:large, max-video-preview:-1" />
<link rel="canonical" href="https://realidadempoderada.com/es/inicio/familia-de-la-calle/" />
<meta property="og:locale" content="es_ES" />
<meta property="og:type" content="article" />
<meta property="og:title" content="EL INICIO DEL ACOMPAÑAMIENTO A LA FAMILIA DE LA CALLE. - Realidad Empoderada" />
<meta property="og:description" content="Este documento tiene como finalidad presentar en forma resumida la teoría y la práctica en los inicios del acompañamiento a la familia de la calle." />
<meta property="og:url" content="https://realidadempoderada.com/es/inicio/familia-de-la-calle/" />
<meta property="og:site_name" content="Realidad Empoderada" />
<meta property="article:publisher" content="https://www.facebook.com/RealidadEmpoderada/" />
<meta property="article:modified_time" content="2025-10-04T13:49:44+00:00" />
<meta name="twitter:card" content="summary_large_image" />
<meta name="twitter:label1" content="Tiempo de lectura" />
	<meta name="twitter:data1" content="2 minutos" />
<script type="application/ld+json" class="yoast-schema-graph">{"@context":"https:\/\/schema.org","@graph":[{"@type":"WebPage","@id":"https:\/\/realidadempoderada.com\/es\/inicio\/familia-de-la-calle\/","url":"https:\/\/realidadempoderada.com\/es\/inicio\/familia-de-la-calle\/","name":"EL INICIO DEL ACOMPAÑAMIENTO A LA FAMILIA DE LA CALLE. - Realidad Empoderada","isPartOf":{"@id":"https:\/\/realidadempoderada.com\/es\/#website"},"datePublished":"2018-05-18T02:59:41+00:00","dateModified":"2025-10-04T13:49:44+00:00","description":"Este documento tiene como finalidad presentar en forma resumida la teoría y la práctica en los inicios del acompañamiento a la familia de la calle.","breadcrumb":{"@id":"https:\/\/realidadempoderada.com\/es\/inicio\/familia-de-la-calle\/#breadcrumb"},"inLanguage":"es","potentialAction":[{"@type":"ReadAction","target":["https:\/\/realidadempoderada.com\/es\/inicio\/familia-de-la-calle\/"]}]},{"@type":"BreadcrumbList","@id":"https:\/\/realidadempoderada.com\/es\/inicio\/familia-de-la-calle\/#breadcrumb","itemListElement":[{"@type":"ListItem","position":1,"name":"Portada","item":"https:\/\/realidadempoderada.com\/es\/"},{"@type":"ListItem","position":2,"name":"¿Qué es la acción social Realidad Empoderada?","item":"https:\/\/realidadempoderada.com\/es\/"},{"@type":"ListItem","position":3,"name":"EL INICIO DEL ACOMPAÑAMIENTO A LA FAMILIA DE LA CALLE."}]},{"@type":"WebSite","@id":"https:\/\/realidadempoderada.com\/es\/#website","url":"https:\/\/realidadempoderada.com\/es\/","name":"Realidad Empoderada","description":"… de la realidad virtual a la solidaridad","publisher":{"@id":"https:\/\/realidadempoderada.com\/es\/#organization"},"potentialAction":[{"@type":"SearchAction","target":{"@type":"EntryPoint","urlTemplate":"https:\/\/realidadempoderada.com\/es\/?s={search_term_string}"},"query-input":{"@type":"PropertyValueSpecification","valueRequired":true,"valueName":"search_term_string"}}],"inLanguage":"es"},{"@type":"Organization","@id":"https:\/\/realidadempoderada.com\/es\/#organization","name":"Realidad Empoderada","url":"https:\/\/realidadempoderada.com\/es\/","logo":{"@type":"ImageObject","inLanguage":"es","@id":"https:\/\/realidadempoderada.com\/es\/#\/schema\/logo\/image\/","url":"https:\/\/realidadempoderada.com\/wp-content\/uploads\/2018\/04\/Manos.jpg","contentUrl":"https:\/\/realidadempoderada.com\/wp-content\/uploads\/2018\/04\/Manos.jpg","width":300,"height":230,"caption":"Realidad Empoderada"},"image":{"@id":"https:\/\/realidadempoderada.com\/es\/#\/schema\/logo\/image\/"},"sameAs":["https:\/\/www.facebook.com\/RealidadEmpoderada\/"]}]}</script>
<!-- / Yoast SEO plugin. -->

EL INICIO DEL ACOMPAÑAMIENTO A LA FAMILIA DE LA CALLE. - Realidad Empoderada

Este documento tiene como finalidad presentar en forma resumida la teoría y la práctica en los inicios del acompañamiento a la familia de la calle.

¿Qué es la acción social Realidad Empoderada?
